5*a - 4*h = 19608, -3*h = 2*a - a - 3914. Suppose 0 = 16*y - 12*y + a. Let s = y + 1777. Is s a composite number?
False
Let n(y) = 174*y**2 + 5*y + 3. Let i(u) = u**3 + u**2 + 4*u - 2. Let d be i(0). Let q be n(d). Suppose 2*f - q + 27 = 0. Is f prime?
True
Let x be (8/(-3))/(6/(-9)). Let k(u) = 738*u + 13. Let a be k(x). Suppose 0 = -2*i + 2589 + a. Is i a composite number?
False
Let p = 123593 + -14222. Is p prime?
False
Suppose -22 = -2*q - 3*q + 2*b, 4*b = -q. Suppose -5*g - 45 = -q*f, 42 = -f + 4*f - g. Is f prime?
False
Suppose -4*z = -u + 9351, u + 4*z - 18762 = -u. Suppose 6*h = 13603 + u. Is h a prime number?
False
Let q(f) be the first derivative of -f**4/4 + 2*f**3 - 15*f**2/2 - 119*f + 110. Is q(-24) a composite number?
True
Let q(n) = 37*n + 13. Let g(j) = -j + 2. Let w(r) = -3*g(r) + q(r). Is w(2) a prime number?
False
Let u(a) = -562*a - 53. Let v be u(-10). Suppose 8*m = 67495 - v. Is m composite?
False
Suppose -170*o + 12249575 = -87*o + 76048. Is o composite?
False
Suppose -3*y + 2 = -2*y. Let p be 1*4/(-10)*(-1 + -4). Suppose y*s - 3151 = -f - 956, -8804 = -4*f - p*s. Is f composite?
False
Let t(u) = -2*u**3 + 4*u**3 - 2*u**3 - u - 11*u**2 - 7 - u**3. Let h be t(-11). Suppose 3*c = h*c - 10. Is c a composite number?
True
Suppose 55 = -4*m + o, -15*m + 19*m + 70 = -2*o. Let j(k) = k**3 + 22*k**2 + 43*k + 23. Is j(m) prime?
True
Suppose -4*b + 26031 = 2*o - 18285, -22170 = -o + b. Is o a composite number?
True
Let y(w) = -263*w - 187. Let z be y(-3). Let j = 691 - z. Is j a composite number?
False
Suppose -3*y + 1182 = 3*r, 3*y = -r - 3*r + 1185. Let g = 1234 + -1230. Suppose d - 849 = -3*v, g*v - 2085 + y = -2*d. Is d prime?
False
Suppose -7*i + 5*i = -4. Is i + (5 - (4 - 116*26)) a composite number?
False
Let z be 1*3 + (-5 - (-4 - 20)). Suppose 27321 = z*m - 15*m. Let w = -1640 + m. Is w a composite number?
True
Let a be (12 + 0)*-1*(-49)/21. Suppose 3*x = 4*d - a, 5*d - 5*x - 42 = -2. Suppose 2*l = -d*u + 7018, l + 0*u = 3*u + 3514. Is l a composite number?
False
Let w(c) = 297*c**3 - c**2 + 4*c + 4. Let x be w(-2). Let n = -1247 - x. Suppose -9*t = -8*t - n. Is t composite?
True
Let t = -171 + 181. Let m(s) = -5*s**3 - 8*s**2 - 8*s - 5. Let j(u) = -14*u**3 - 25*u**2 - 23*u - 16. Let q(r) = -6*j(r) + 17*m(r). Is q(t) a prime number?
True
Suppose 3*q - 2*f - 15 = -f, -q = -f - 5. Suppose -q*v - 2*i + 0*i + 10499 = 0, 10508 = 5*v - i. Is v composite?
True
Let g(r) = 277*r**2 + 87*r - 65. Is g(7) a prime number?
False
Let f = 37 + -3. Let l(u) = -f*u + 22 + 20 + 10 - 41. Is l(-12) composite?
False
Is (993470/25)/((-696)/60 + 12) a composite number?
False
Let v = 17023 + 3305. Is v/(8/4) + 3 prime?
False
Suppose 83*h - 2856172 - 3550831 = 6300878. Is h composite?
False
Let q(z) = 4*z - 5. Let s be q(2). Suppose -s*k + 58 - 646 = 0. Is 37/(-4)*k/7 prime?
False
Let t(d) = 351*d + 20. Let l be t(21). Suppose 3*b = -0*y - y + l, 2455 = b - 4*y. Is b a prime number?
False
Let t(x) be the third derivative of x**5/4 - 104*x**2 + 3. Suppose -5*v - 6 = -1. Is t(v) a composite number?
True
Let y be (-72)/45*(0 + 40). Let w = -60 - y. Is (2 - 0) + (-2)/(w/(-126)) composite?
True
Let q(h) = 2*h + 27. Let f be q(-11). Is (-3 + -188)/(f/(-55)) a composite number?
True
Let k be (6 + 0 + (1 - 4))*82. Suppose 0 = 3*x + 1125 - 264. Let i = k - x. Is i a prime number?
False
Let p(s) = 1 + 28*s**2 + 3*s**2 - 21*s + 6*s. Let f be (1*11)/((-503)/(-503)). Is p(f) a prime number?
False
Suppose -9*d + 2*f + 176747 = 4*f, -2*f = -3*d + 58921. Is d a composite number?
True
Suppose -2*o = -3*j + 1505741, 52*o - 50*o = 4*j - 2007652. Is j a prime number?
True
Suppose 2462 = -5*r - 3168. Let m = 421 - r. Suppose 4*k - m - 705 = 0. Is k prime?
True
Let c(w) be the third derivative of w**6/120 + 2*w**5/5 + w**4/8 - 13*w**3/6 + 8*w**2. Let m be c(-23). Suppose m = -v + 4*v. Is v composite?
False
Let l(y) be the second derivative of 15*y**4/4 + 3*y**3/2 + 23*y**2/2 - 10*y. Is l(7) a prime number?
False
Let d be (56 + -50)*(0 - -2)/2. Suppose 3*u - 13767 = -2*z, 11*z = 5*u + d*z - 22945. Is u composite?
True
Suppose 158*u - 114496674 = -340*u. Is u a prime number?
False
Suppose -28*y = 218523 - 2074167. Is y composite?
True
Let c(u) = -26*u**3 + 7*u**2 + u. Let j be c(3). Let a = j + 1537. Is a composite?
True
Suppose 8*k - 4*k = 24, -322407 = -3*r + 19*k. Is r prime?
True
Let u(g) be the second derivative of -387*g**5/10 - 7*g**3/6 - 9*g**2/2 - 17*g - 6. Is u(-2) a composite number?
False
Suppose -h + 160955 = -4*v - 88640, -1248032 = -5*h + v. Is h prime?
True
Let k(t) be the third derivative of -92*t**6/15 - t**4/8 - t**3/3 - 118*t**2. Suppose 8 = 2*g + 5*f, -4*f + 7 = 5*g - 4*g. Is k(g) composite?
True
Let l(k) be the first derivative of -k**4/4 + k**3/3 + k**2/2 + 109*k + 3. Suppose 5*i + 25 = 10*i, -b + 5*i = 25. Is l(b) prime?
True
Is 249342 - (-13 + 14 - 12) prime?
False
Suppose h - 3*h - 4*x = 60216, 0 = -x + 4. Let c = h - -49379. Is c a composite number?
True
Suppose -3132 = -p - p. Suppose -b - p = -0*b. Let k = -757 - b. Is k a composite number?
False
Suppose 0 = 6*c + 42*c + 459456. Let m = c - -21769. Is m a composite number?
False
Let l(d) = -61*d - 8. Let c be -1 + (-4)/(-1) - -2. Suppose 2*m = 4*w - 5*w - 15, 3*w - 4*m + c = 0. Is l(w) a prime number?
True
Let o = 4792 + 1885. Is o prime?
False
Let n(a) = -12*a - 48. Let j be n(-5). Is (-6459)/(-3) - (16 - j) prime?
False
Let s be 2018*1 + (0/7 - -4). Is ((-7)/14)/((-3)/s) prime?
True
Suppose -60*j + 57*j = 21. Let u(n) = -1084*n + 21. Is u(j) composite?
True
Let x(k) = 2*k**3 - 19*k**2 + 484*k - 18. Is x(37) prime?
False
Let h = 35171 - -20030. Is h a composite number?
False
Let b(j) = -j**3 - 37*j**2 - 1109*j + 113. Is b(-98) a prime number?
False
Let g = -10725 - -23917. Suppose g = 4*c - 0*c - 2*j, 2*c + 6*j - 6610 = 0. Is c prime?
True
Let f(n) = 1797*n**3 - 2*n**2 + 4. Let h be f(2). Is h*6/(-72)*-3 prime?
True
Suppose c - 4*j - 304742 = -65591, 4*j = -3*c + 717565. Is c a prime number?
True
Let j = 131488 + -40935. Is j composite?
True
Suppose -20 = -3*n + 2*u, 2*u + 8 = -5*n + 36. Let c(p) = 12*p**3 + 2*p**2 - 8*p + 13. Is c(n) a composite number?
True
Let d = 1727 - -4631. Let u = d + -3779. Is u prime?
True
Suppose 2*z = -z + 7080. Suppose -p = 153 - z. Suppose l + 824 = p. Is l composite?
True
Suppose -200*i = -185*i - 1191765. Is i a composite number?
False
Suppose w = 3*g - 72540 - 231809, 2*w - 202894 = -2*g. Is g a prime number?
True
Let u(t) be the second derivative of 47*t**3/3 - 29*t**2/2 - 78*t. Is u(4) a prime number?
True
Let f = 142 + -98. Let q = f + 83. Is q a composite number?
False
Suppose 0 = 2*x + z - 646, -3 = -z - 1. Let i = 1713 - x. Is i a composite number?
True
Let u be ((-2)/4 + -1)*-2. Let s = 175 - -1366. Is s - 4/(1 - u) prime?
True
Suppose -16008747 = -50*s + 1983103. Is s prime?
True
Suppose 2*t - 12 = 2*h, 2*h - 21 + 3 = -4*t. Suppose 75 = -x + 2*x + 5*d, 5*d + 285 = t*x. Suppose 58*l + 218 = x*l. Is l composite?
False
Let v be (-2)/(-2) - (-23 + -1597). Suppose 16*g = 15*g + v. Is g composite?
False
Let b(u) be the second derivative of 0 + 5*u**2 + 3*u + 7/6*u**3 + 1/3*u**4 - 24/5*u**5. Is b(-3) composite?
False
Let c(b) = 5177*b - 2949. Is c(46) composite?
True
Let r = 144700 - -52171. Is r a composite number?
False
Let r(k) = 149*k**3 - 13*k**2 + 62*k - 75. Is r(7) prime?
False
Suppose -2*p = 3*k - 123910, p = -3*k + 32926 + 29029. Is p composite?
True
Let v = -843056 + 2053759. Is v prime?
False
Let d = 2526 + -1519. Let q = d - 424. Let x = q - 276. Is x a prime number?
True
Let u(b) = -b**2 - 9*b - 5. Let t(o) = o**2 + 8*o + 6. Let s(d) = -3*t(d) - 4*u(d). Let a be s(-21). Suppose 3*y = a + 94. Is y composite?
True
Let c be -8 + 2*42/12. Is (c - -2) + 27 + -24 - -86749 a composite number?
False
Let i(v) = 32*v**2 - 53*v**2 - 4 + 18*v + 38*v**2. Let n(o) = 2*o + 3. Let p be n(2). Is i(p) a prime number?
False
Let x(r) = -r**3 + 7*r**2 + 8*r + 2. Let n = 70 + -62. Let t be x(n). Is (t/3)/(12/1494) prime?
True
Let q(w) be the second derivative of 7/20*w**5 + 1/6*w**3 + 0 + 5/12*w**4 - 5/2*w**2 + 27*w. Is q(6) composite?
False
Suppose 0 = 2*p - 293 + 307. Let h(a) = 636*a**2 - 37*a - 44. Is h(p) a prime number?
True
Let z be -3 + (4/8)/(7/156506).